 13?
cb62
Convert -111022 (base 5) to base 3.
-12022222
What is -1452 (base 6) in base 14?
-200
What is 401001 (base 6) in base 14?
b5b3
What is -35510 (base 6) in base 7?
-21012
Convert 202212 (base 5) to base 2.
1100110011101
What is -4014 (base 5) in base 7?
-1325
-112021 (base 3) to base 15
-1aa
-26343 (base 7) to base 3
-100122200
5130 (base 6) to base 14
5b0
Convert -1253 (base 8) to base 14.
-36b
What is -22093 (base 10) in base 2?
-101011001001101
Convert 13b1 (base 16) to base 8.
11661
10343 (base 6) to base 9
1860
35867 (base 9) to base 14
8a8d
6556 (base 10) to base 5
202211
What is 554 (base 13) in base 8?
1622
-93b (base 16) to base 9
-3215
-86ab (base 15) to base 3
-1110002222
31011 (base 6) to base 11
30a8
What is -42c (base 16) in base 12?
-750
What is -2434 (base 6) in base 4?
-21112
Convert 303343 (base 6) to base 5.
1232421
Convert -3046 (base 9) to base 2.
-100010110101
Convert 10111 (base 3) to base 15.
64
Convert -1023132 (base 4) to base 13.
-2277
Convert -7e9 (base 15) to base 7.
-5142
Convert 168 (base 13) to base 3.
100110
Convert -1040034 (base 6) to base 16.
-ca96
-1310121 (base 4) to base 2
-1110100011001
c46 (base 16) to base 12
199a
Convert -84 (base 15) to base 5.
-444
Convert -141145 (base 6) to base 3.
-200011102
Convert -11217 (base 9) to base 8.
-16454
-3111 (base 4) to base 15
-e3
What is -1b1 (base 16) in base 5?
-3213
1470 (base 8) to base 6
3452
Convert -162 (base 9) to base 15.
-92
213 (base 15) to base 9
570
Convert -2b4 (base 16) to base 13.
-413
-110111011101110 (base 2) to base 14
-a4c6
4025 (base 12) to base 6
52045
What is 1001111 (base 4) in base 13?
1b98
c25 (base 14) to base 10
2385
What is -252410 (base 7) in base 13?
-18227
Convert 40250 (base 6) to base 9.
7223
Convert -1584 (base 13) to base 4.
-301032
Convert -485 (base 11) to base 15.
-287
Convert -1120100 (base 4) to base 16.
-1610
-1508 (base 10) to base 11
-1151
-584 (base 13) to base 10
-953
319 (base 14) to base 13
380
What is 14800 (base 10) in base 11?
10135
What is -3132 (base 6) in base 14?
-384
What is 14525 (base 6) in base 2?
100100110101
Convert c03 (base 13) to base 12.
1213
Convert 161 (base 16) to base 10.
353
What is 17a7 (base 15) in base 14?
1c0b
8d7 (base 15) to base 14
a30
What is 64e (base 15) in base 10?
1424
Convert -191 (base 12) to base 10.
-253
1121020100 (base 3) to base 4
13230132
50c (base 14) to base 3
1100202
What is -10101011001001 (base 2) in base 3?
-120000200
Convert 186 (base 10) to base 3.
20220
What is -211111 (base 3) in base 5?
-4412
7865 (base 14) to base 7
114555
What is 64 (base 14) in base 8?
130
13534 (base 7) to base 5
104300
Convert 215 (base 12) to base 8.
461
Convert 17050 (base 8) to base 12.
4574
3221031 (base 4) to base 9
22423
-4a63 (base 14) to base 16
-32df
What is 4313 (base 8) in base 6?
14231
Convert -db3 (base 15) to base 13.
-153c
-1c95 (base 16) to base 3
-101001000
Convert 33430 (base 5) to base 3.
10020121
Convert 3061 (base 8) to base 3.
2011201
What is -1643 (base 12) in base 14?
-d6b
What is -11300 (base 4) in base 6?
-1412
What is -35383 (base 10) in base 16?
-8a37
Convert 4b36 (base 15) to base 13.
73aa
Convert -1132 (base 8) to base 6.
-2442
-2a72 (base 11) to base 6
-30143
What is -12221210 (base 3) in base 11?
-3297
Convert -741 (base 8) to base 15.
-221
Convert 10565 (base 7) to base 10.
2693
What is 71102 (base 9) in base 6?
1000215
What is 243440 (base 5) in base 11?
6a45
What is 1010201 (base 3) in base 12?
591
What is -1144 (base 8) in base 2?
-1001100100
What is -323130 (base 5) in base 6?
-123040
131a (base 15) to base 16
feb
Convert -1000312 (base 4) to base 2.
-1000000110110
ec (base 15) to base 8
336
Convert 115 (base 6) to base 5.
142
-12600 (base 8) to base 15
-196e
What is -12e (base 15) in base 2?
-100001101
-4040 (base 6) to base 5
-12023
Convert 311322 (base 4) to base 8.
6572
16843 (base 11) to base 10
23642
Convert -d349 (base 14) to base 3.
-1211211101
-235440 (base 6) to base 3
-1001101020
237 (base 14) to base 16
1b9
2102 (base 5) to base 8
425
Convert 1001 (base 2) to base 11.
9
-10111002 (base 3) to base 5
-40130
What is 692 (base 12) in base 15?
44e
-1c87 (base 16) to base 4
-1302013
What is 1023242 (base 5) in base 13?
7b66
-659 (base 12) to base 14
-4a9
-121010 (base 3) to base 10
-435
48 (base 12) to base 14
40
1364 (base 8) to base 14
3c0
What is -995a (base 14) in base 8?
-63654
Convert 6555 (base 7) to base 13.
10b3
Convert -a5 (base 12) to base 4.
-1331
Convert -1010101011010 (base 2) to base 7.
-21636
Convert -1472 (base 14) to base 4.
-320230
What is -1010 (base 3) in base 12?
-26
What is -142 (base 9) in base 4?
-1313
What is -1347 (base 9) in base 6?
-4411
What is 10010100001110 (base 2) in base 15?
2c26
214342 (base 5) to base 7
30533
What is -10010111101101001 (base 2) in base 11?
-533a2
Convert -11f4 (base 16) to base 10.
-4596
17050 (base 11) to base 9
35841
Convert 10023101 (base 4) to base 12.
9a95
-11372 (base 8) to base 4
-1023322
Convert -135 (base 13) to base 16.
-d5
-463 (base 7) to base 13
-157
-10244 (base 5) to base 2
-1010111011
-101121 (base 3) to base 12
-1ba
1414 (base 8) to base 3
1001220
Convert 5680 (base 14) to base 12.
8828
8c2 (base 13) to base 15
6aa
What is -20211122 (base 3) in base 13?
-2366
-1055 (base 6) to base 10
-251
613 (base 11) to base 14
3ac
What is 1909 (base 14) in base 11?
3437
61758 (base 10) to base 16
f13e
11011122 (base 3) to base 2
101111100001
What is 111001011000000 (base 2) in base 3?
1111022000
-1221 (base 5) to base 12
-136
21113 (base 4) to base 7
1514
Convert -110010100001 (base 2) to base 13.
-1619
What is 20300101 (base 4) in base 5?
2121412
Convert 530 (base 6) to base 16.
c6
Convert 1232 (base 5) to base 7.
363
What is 335 (base 13) in base 9?
672
Convert 20021011 (base 4) to base 7.
166141
What is 5401 (base 8) in base 7?
11133
What is -102110110 (base 3) in base 10?
-8355
134232 (base 5) to base 9
7565
-11101020 (base 3) to base 9
-4336
-2781 (base 11) to base 9
-4837
What is 32413 (base 5) in base 10?
2233
Convert -156 (base 9) to base 16.
-84
Convert -5506 (base 10) to base 9.
-7487
Convert 2626 (base 9) to base 5.
30333
What is -2ab1 (base 15) in base 4?
-2033032
What is 10772 (base 9) in base 4?
1300121
23120 (base 4) to base 3
222222
Convert 8bb (base 15) to base 14.
a12
What is -a44 (base 14) in base 10?
-2020
56ec (base 16) to base 13
a189
7356 (base 8) to base 12
2266
Convert -11220 (base 4) to base 12.
-260
Convert -4104 (base 7) to base 16.
-591
Convert -54783 (base 9) to base 15.
-ab93
What is 36023 (base 10) in base 9?
54365
Convert 862 (base 11) to base 9.
1371
Convert 12554 (base 6) to base 2.
11110010110
What is -26683 (base 9) in base 10?
-18057
What is -3768 (base 16) in base 2?
-11011101101000
What is 41cb (base 13) in base 14?
347a
-11000111010111 (base 2) to base 5
-402014
53 (base 16) to base 12
6b
What is -63a (base 11) in base 4?
-30001
What is 1412 (base 5) in base 4?
3220
What is -201120 (base 6) in base 9?
-23623
What is 26050 (base 7) in base 12?
3ba7
478 (base 9) to base 5
3040
What is -4321 (base 5) in base 8?
-1112
What is -1169 (base 12) in base 15?
-8a3
Convert 16505 (base 10) to base 5.
1012010
What is -53dc (base 14) in base 6?
-151050
Convert 1101101000001010 (base 2) to base 4.
31220022
Convert c73 (base 15) to base 5.
42213
-101100111111 (base 2) to base 7
-11252
5071 (base 11) to base 9
10211
Convert 10010000100110111 (base 2) to base 13.
27914
Convert 11806 (base 15) to base 9.
84486
-1790 (base 13) to base 15
-1082
What is 11415 (base 7) in base 2?
101110001000
What is 24431 (base 8) in base 2?
10100100011001
Convert 204 (base 16) to base 6.
2220
What is 13223331 (base 4) in base 13?
1143c
Convert 12102212 (base 3) to base 7.
14363
Convert -1001111101 (base 2) to base 5.
-10022
Convert -8787 (base 10) to base 2.
-10001001010011
Convert 7622 (base 9) to base 3.
21200202
What is 269b (base 16) in base 14?
385d
-110010 (base 3) to base 5
-2302
Convert 573 (base 11) to base 13.
409
What is -13100 (base 4) in base 14?
-252
What is 605 (base 9) in base 13?
2ba
42474 (base 9) to base 5
1344333
Convert 102320 (base 4) to base 13.
71c
Convert 11000111010 (base 2) to base 14.
81c
What is -362 (base 12) in base 14?
-282
Convert 8d5 (base 14) t